Let p(d) = 27*d + 2. Give p(1).
29
Let c(i) = -i - 39. What is c(-30)?
-9
Let s(w) = 11*w - 27. Give s(5).
28
Let c(v) = -12*v + 19. Calculate c(2).
-5
Let d(f) = 6*f + 2. What is d(2)?
14
Let q(z) = z**2 - 15*z - 258. Determine q(-10).
-8
Let f(g) = g**3 + 8*g**2 - 11*g - 6. Calculate f(-9).
12
Let j(z) = -z**2 - 4*z + 52. What is j(-10)?
-8
Let z(t) = -t**3 + 9*t**2 - 18*t + 19. Give z(8).
-61
Let w(c) = -c + 3. What is w(0)?
3
Let h(u) = -3*u - 27. Give h(15).
-72
Let c(i) = i**3 - 4*i**2 + 7*i - 13. What is c(2)?
-7
Let j(h) = h**3 + 2*h**2 + 3*h + 4. Calculate j(-2).
-2
Let l(b) = b**3 + 5*b**2 + b - 8. Determine l(-6).
-50
Let p(c) = -c**2 - 10*c - 6. Give p(-9).
3
Let j(y) = 18*y**2 + 2*y - 1. Determine j(1).
19
Let h(m) = -13*m**3 - 3*m**2 + 2*m. Calculate h(-2).
88
Let i(s) = -s**3 - 6*s**2 - s + 15. Determine i(-5).
-5
Let p(r) = r**3 - 5*r**2 - 15*r + 7. What is p(7)?
0
Let k(z) = 2*z**2 + 14*z + 23. Give k(-9).
59
Let v(m) = -4*m**3 - m**2 + 2*m - 7. Give v(2).
-39
Let j(b) = -b**2 - 10*b - 12. Calculate j(-8).
4
Let p(h) = -h**3 + 12*h**2 + 15*h - 6. Calculate p(13).
20
Let v(n) = -n**3 + 4*n**2 + n - 3. Give v(5).
-23
Let a(b) = -b**3 - b**2 + 2*b - 10. What is a(-3)?
2
Let y(a) = -28*a**2 - 1. Calculate y(-1).
-29
Let o(s) = s**2 - 13*s + 48. Determine o(7).
6
Let t(u) = u + 45. What is t(-12)?
33
Let v(y) = -15*y + 125. Determine v(11).
-40
Let k(i) = 9*i + 112. Determine k(-12).
4
Let o(t) = -t**2 - 2*t. Give o(-6).
-24
Let i(z) = 2*z - 36. What is i(7)?
-22
Let d(f) = -f**2 - 12*f - 15. What is d(-14)?
-43
Let a(h) = 6*h**2 + h - 3. Determine a(-3).
48
Let h(w) = w**2 - 16*w - 21. Calculate h(17).
-4
Let x(a) = a + 1. Calculate x(6).
7
Let b(t) = -3*t**2 + 11*t - 13. Give b(6).
-55
Let c(a) = -128*a + 1538. Calculate c(12).
2
Let z(n) = 4*n**3 - 2*n**2. Calculate z(2).
24
Let t(l) = -l**2 + 15*l + 29. Give t(16).
13
Let s(n) = n**3 + 23*n**2 + 40*n - 34. What is s(-21)?
8
Let y(l) = 2*l**3 + 6*l**2 + l + 2. Determine y(-4).
-34
Let z(b) = -4*b - 17. Give z(-5).
3
Let k(s) = -9*s - 100. Give k(-13).
17
Let w(c) = -c**2 - 2*c - 1. Calculate w(-5).
-16
Let g(o) = -o**3 - 35*o**2 + 38*o + 69. What is g(-36)?
-3
Let n(r) = 14*r**2 + 2*r - 1. Calculate n(1).
15
Let j(n) = -n**3 + 10*n**2 + 23*n - 134. What is j(11)?
-2
Let k(m) = -m**3 + 8*m**2 - 6*m + 49. Determine k(8).
1
Let h(a) = -a**2 - 32*a - 256. What is h(-14)?
-4
Let n(x) = -14*x - 155. What is n(-11)?
-1
Let w(r) = -r**2 - 59*r - 361. What is w(-52)?
3
Let h(d) = 10*d - 317. Give h(31).
-7
Let s(i) = -3*i + 29. Calculate s(11).
-4
Let n(v) = v**2 + 23*v + 42. Determine n(-21).
0
Let l(h) = -h**3 - 8*h**2 + 2*h + 15. Determine l(-8).
-1
Let l(p) = -2*p - 66. Calculate l(-34).
2
Let p(i) = i**2 + 10*i - 83. Give p(5).
-8
Let k(t) = -t**2 + 14*t + 28. Determine k(15).
13
Let f(g) = -g**3 - 6*g**2 + 2*g + 10. What is f(-5)?
-25
Let h(v) = 2*v**3 + 13*v**2 + 8*v - 10. Determine h(-6).
-22
Let y(m) = -m**3 - 12*m**2 - 12*m + 8. Calculate y(-11).
19
Let s(x) = -2*x**3 - 27*x**2 + 46*x + 10. Determine s(-15).
-5
Let y(z) = -3*z + 18. What is y(2)?
12
Let c(i) = 4*i**2 + 18*i - 7. Give c(-5).
3
Let k(u) = -2*u**2 + u - 1. Determine k(-4).
-37
Let s(o) = -5*o + 4. Determine s(7).
-31
Let n(f) = f**3 + 7*f**2 + 8*f. Calculate n(-6).
-12
Let x(g) = -4*g + 38. Determine x(11).
-6
Let c(z) = 36*z - 6. What is c(-3)?
-114
Let m(k) = k**3 + 6*k**2 + 5. Determine m(-6).
5
Let x(f) = f**2 - 11*f + 6. Calculate x(7).
-22
Let i(g) = g**3 - 6*g - 3. Give i(3).
6
Let z(w) = -w**3 - 6*w**2 + 7*w - 75. Determine z(-8).
-3
Let g(w) = w**3 - 8*w**2 + 3*w - 10. Give g(8).
14
Let l(t) = -t**3 - 10*t**2 - 25*t - 28. Determine l(-7).
0
Let o(k) = k**3 - 7*k**2 + 3*k + 20. Determine o(6).
2
Let c(m) = -3*m + 7. Calculate c(9).
-20
Let a(f) = -3*f + 17. Calculate a(14).
-25
Let b(v) = 4*v**2 - 12*v + 47. Give b(3).
47
Let j(o) = -3*o**3 - 4*o**2 - o + 2. Give j(-2).
12
Let k(y) = y**2 - 10*y + 2. What is k(10)?
2
Let t(q) = -2*q**2 - 12*q + 12. What is t(-6)?
12
Let t(f) = 5*f - 30. Determine t(4).
-10
Let w(s) = -170*s + 669. Calculate w(4).
-11
Let v(b) = 5*b**3 - 3*b**2 - 2*b + 1. What is v(-1)?
-5
Let a(m) = 11*m**3 - 4*m + 4. Determine a(2).
84
Let p(o) = 2*o**2 - 20*o + 9. Calculate p(10).
9
Let f(c) = c**3 - 5*c**2 - 7*c - 1. Determine f(7).
48
Let r(a) = a**3 - a**2 + 1. Calculate r(1).
1
Let m(p) = -p**3 + 8*p**2 + 19*p + 8. What is m(10)?
-2
Let s(a) = -3*a**2 + 74*a - 42. Determine s(24).
6
Let h(i) = 16*i**3 - i**2. Determine h(1).
15
Let h(x) = -18*x + 86. Give h(5).
-4
Let u(s) = s**2 + 4*s - 8. Give u(-7).
13
Let b(q) = q**2 - 4*q + 8. Give b(5).
13
Let s(t) = 4*t**2 + 2*t - 3. Determine s(-2).
9
Let w(q) = -q**2 - 5*q + 6. What is w(-4)?
10
Let c(n) = 44*n - 78. Calculate c(2).
10
Let o(p) = p**3 - 8*p**2 - 11*p + 25. Determine o(9).
7
Let p(v) = -v**3 + 7*v**2 + 8*v + 7. What is p(7)?
63
Let m(y) = -2*y**2 + 13*y - 14. Give m(8).
-38
Let j(q) = -q + 4. Calculate j(4).
0
Let k(d) = -3*d + 10. Give k(14).
-32
Let j(x) = -x**3 - x**2 + x. Calculate j(1).
-1
Let f(l) = -l**2 - 3*l - 4. Give f(-2).
-2
Let u(h) = -h**2 - 12*h - 22. Determine u(-10).
-2
Let k(g) = -4*g**2 + 18*g + 15. What is k(5)?
5
Let r(v) = v**2 - 55*v + 587. What is r(15)?
-13
Let f(w) = 2*w**2 - 2. Calculate f(-2).
6
Let c(p) = 2*p - 6. Give c(0).
-6
Let u(h) = 7*h - 47. Determine u(7).
2
Let w(d) = -13*d**3 - 6*d**2 + 3*d - 1. Determine w(1).
-17
Let i(r) = 3*r**2 - 11*r + 5. What is i(4)?
9
Let d(j) = j**3 + 2*j**2 - j + 58. Give d(0).
58
Let u(d) = -3*d - 16. Determine u(-7).
5
Let w(l) = l**3 - 23*l - 58. Give w(-3).
-16
Let g(r) = -67*r + 2. Determine g(2).
-132
Let g(f) = -2*f**2 + 60*f - 57. Give g(29).
1
Let f(o) = -o**2 - 4*o + 5. Calculate f(-4).
5
Let u(q) = -27*q + 24. Determine u(3).
-57
Let h(r) = -10*r - 92. Give h(-10).
8
Let h(b) = b**3 - 9*b**2 + 29*b - 162. Calculate h(8).
6
Let h(d) = d**3 + 18*d**2 + 56*d - 3. Calculate h(-4).
-3
Let y(h) = -4*h**3 + 2*h**2 + 6*h. What is y(2)?
-12
Let u(k) = 82*k**2 - 3*k - 2. Give u(-1).
83
Let k(n) = n**3 + 2*n**2 - 2*n - 1. Calculate k(-3).
-4
Let l(w) = -2*w + 9. Determine l(3).
3
Let b(l) = l - 8. Calculate b(18).
10
Let d(l) = -l**3 - 23*l**2 + 46*l - 12. Give d(-25).
88
Let s(c) = -c**2 - 3*c + 101. What is s(-12)?
-7
Let u(a) = -a**2 - 9*a + 6. Give u(-7).
20
Let m(r) = r**2 + 2*r - 6. Give m(0).
-6
Let k(i) = i + 8. Calculate k(-5).
3
Let d(t) = -t**3 + 6*t**2 - 4*t + 1. What is d(4)?
17
Let t(y) = 4*y**3 + 209*y**2 + 53*y + 47. Calculate t(-52).
-5
Let n(m) = 3*m + 43. Calculate n(-12).
7
Let y(h) = h**3 - 15*h**2 - 18*h + 13. What is y(16)?
-19
Let c(b) = 4*b + 4. Calculate c(7).
32
Let r(l) = l**3 - 3*l**2 + l - 3. Determine r(3).
0
Let x(y) = -11*y**2 + 1. Calculate x(-1).
-10
Let i(b) = b**2 + 6*b - 7. Calculate i(-7).
0
Let o(k) = -35*k**2 - 1. What is o(-1)?
-36
Let w(u) = 4*u**3 + u - 2. Give w(-2).
-36
Let p(k) = 2*k**3 + 10*k**2 + 2*k + 14. Give p(-5).
4
Let j(r) = -10*r + 1. What is j(1)?
-9
Let k(u) = -18*u + 1. Determine k(1).
-17
Let x(s) = s**2 + 17*s + 13. What is x(-16)?
-3
Let c(n) = 4*n**2 - 59*n - 53. Give c(16).
27
Let r(i) = -i**3 + 6*i**2 + 11*i + 10. What is r(7)?
38
Let z(s) = -3*s**2 + 11*s - 5. Determine z(2).
5
Let l(y) = 2*y**3 - 15*y**2 + 9*y - 6. Calculate l(7).
8
Let x(p) = p**2 + 6*p - 5. Give x(-6).
-5
Let w(m) = 4*m**2 + 2*m - 1. Calculate w(2).
19
Let w(f) = 2*f - 22. What is w(20)?
18
Let x(h) = -4*h**2 + 10*h + 2. Determine x(4).
-22
Let q(h) = 22*h - 14. Determine q(-2).
-58
Let w(k) = k**3 + 14*k**2 - 7*k - 80. Give w(-14).
18
Let a(k) = -k**3 - 15*k**2 - 26*k + 5. What is a(-13)?
5
Let r(n) = 3*n**2 - 182*n + 297. Give r(59).
2
Let v(r) = -4*r - 54. Give v(0).
-54
Let k(j) = 2*j + 2. Determine k(3).
8
Let g(x) = 7*x**3 - 2*x + 1. Calculate g(1).
6
Let z(s) = 2*s**2 + s - 3. Determine z(0).
-3
Let g(a) = -a**2 + 50*a + 118. Determine g(52).
14
Let u(k) = 30*k - 186. Give u(6).
-6
Let s(t) = -t**2 + 42*t - 135. Give s(39).
-18
Let x(i) = -i**3 - 15*i**2 + 11*i - 10. What is x(-16)?
70
Let f(w) = -2*w**3 - 46*w**2 - 2*w - 42. Determine f(-23).
4
Let i(l) = 2*l**2 - 5*l + 2. What is i(4)?
14
Let y(o) = o**2 - 13*o + 14. What is y(10)?
-16
Let s(a) = 2*a - 2. What is s(7)?
12
Let o(l) = -l**2 - 11*l - 9. What is o(-